


{"id":5,"date":"2021-06-16T07:42:04","date_gmt":"2021-06-16T07:42:04","guid":{"rendered":"http:\/\/www.kohde.pt\/?post_type=cpt_perfil&#038;p=5"},"modified":"2021-10-04T13:31:48","modified_gmt":"2021-10-04T13:31:48","slug":"sobre-a-kohde","status":"publish","type":"cpt_perfil","link":"https:\/\/www.kohde.pt\/en\/perfil\/sobre-a-kohde\/","title":{"rendered":"Sobre a Kohde"},"content":{"rendered":"<figure class=\"wp-block-image size-full\"><img loading=\"lazy\" decoding=\"async\" width=\"2000\" height=\"700\" src=\"https:\/\/www.kohde.pt\/wp-content\/uploads\/2021\/06\/SLIDE_-SOBRE-NOS.jpg\" alt=\"\" class=\"wp-image-1850\" srcset=\"https:\/\/www.kohde.pt\/wp-content\/uploads\/2021\/06\/SLIDE_-SOBRE-NOS.jpg 2000w, https:\/\/www.kohde.pt\/wp-content\/uploads\/2021\/06\/SLIDE_-SOBRE-NOS-600x210.jpg 600w, https:\/\/www.kohde.pt\/wp-content\/uploads\/2021\/06\/SLIDE_-SOBRE-NOS-300x105.jpg 300w, https:\/\/www.kohde.pt\/wp-content\/uploads\/2021\/06\/SLIDE_-SOBRE-NOS-768x269.jpg 768w, https:\/\/www.kohde.pt\/wp-content\/uploads\/2021\/06\/SLIDE_-SOBRE-NOS-1536x538.jpg 1536w\" sizes=\"auto, (max-width: 2000px) 100vw, 2000px\" \/><\/figure><h1 class=\"has-text-align-center wp-block-post-title\">Sobre a Kohde<\/h1><p class=\"has-text-align-center\">Ap\u00f3s v\u00e1rios anos de experi\u00eancia no ramo da decora\u00e7\u00e3o, em Mar\u00e7o de 2014, Andreia Miranda e Marlene Maia decidiram unir esfor\u00e7os para criar uma empresa que primasse pelo profissionalismo, rigor, qualidade e busca das melhores solu\u00e7\u00f5es para os clientes. <br>Ambas, licenciadas em Design de Interiores pela ESAD, desenvolveram um espa\u00e7o pr\u00f3prio onde juntam as especialidades de cria\u00e7\u00e3o de projeto, a sua execu\u00e7\u00e3o e toda a log\u00edstica at\u00e9 \u00e0 sua entrega.  A dedica\u00e7\u00e3o incondicional e empatia com os clientes t\u00eam levado \u00e0 cria\u00e7\u00e3o de rela\u00e7\u00f5es duradouras e fidelizadas.  A empresa tem crescido e contam, nos \u00faltimos anos, com duas adi\u00e7\u00f5es \u00e0 equipa e que trouxeram mais valias essenciais para projectos mais complexos. No final de 2014, pretendendo preencher uma lacuna de oferta de pe\u00e7as de decora\u00e7\u00e3o diferenciadas mas com pre\u00e7os acess\u00edveis, iniciam a constru\u00e7\u00e3o do nosso cat\u00e1logo de objetos, visando complementar e individualizar casa casa. Em 2021, lan\u00e7am um novo site que j\u00e1 contempla a loja online com acesso ao p\u00fablico em geral.  Esta \u00e9 uma das \u00e1reas do projeto de trabalho que tem crescido e tem deixado a melhor impress\u00e3o em todos os que procuram a Kohde. <br>Nenhum detalhe \u00e9 descurado e t\u00eam sido incans\u00e1veis na satisfa\u00e7\u00e3o dos clientes que s\u00e3o quem lhes permite evoluir e melhorar a cada dia. <\/p>","protected":false},"author":1,"featured_media":1397,"parent":0,"menu_order":1,"comment_status":"closed","ping_status":"closed","template":"","class_list":["post-5","cpt_perfil","type-cpt_perfil","status-publish","has-post-thumbnail","hentry"],"_links":{"self":[{"href":"https:\/\/www.kohde.pt\/en\/wp-json\/wp\/v2\/cpt_perfil\/5","targetHints":{"allow":["GET"]}}],"collection":[{"href":"https:\/\/www.kohde.pt\/en\/wp-json\/wp\/v2\/cpt_perfil"}],"about":[{"href":"https:\/\/www.kohde.pt\/en\/wp-json\/wp\/v2\/types\/cpt_perfil"}],"author":[{"embeddable":true,"href":"https:\/\/www.kohde.pt\/en\/wp-json\/wp\/v2\/users\/1"}],"replies":[{"embeddable":true,"href":"https:\/\/www.kohde.pt\/en\/wp-json\/wp\/v2\/comments?post=5"}],"wp:featuredmedia":[{"embeddable":true,"href":"https:\/\/www.kohde.pt\/en\/wp-json\/wp\/v2\/media\/1397"}],"wp:attachment":[{"href":"https:\/\/www.kohde.pt\/en\/wp-json\/wp\/v2\/media?parent=5"}],"curies":[{"name":"wp","href":"https:\/\/api.w.org\/{rel}","templated":true}]}}

<figure class="wp-block-image size-full"><img loading="lazy" decoding="async" width="2000" height="700" src="https://www.kohde.pt/wp-content/uploads/2021/06/SLIDE_-SOBRE-NOS.jpg" alt="" class="wp-image-1850" srcset="https://www.kohde.pt/wp-content/uploads/2021/06/SLIDE_-SOBRE-NOS.jpg 2000w, https://www.kohde.pt/wp-content/uploads/2021/06/SLIDE_-SOBRE-NOS-600x210.jpg 600w, https://www.kohde.pt/wp-content/uploads/2021/06/SLIDE_-SOBRE-NOS-300x105.jpg 300w, https://www.kohde.pt/wp-content/uploads/2021/06/SLIDE_-SOBRE-NOS-768x269.jpg 768w, https://www.kohde.pt/wp-content/uploads/2021/06/SLIDE_-SOBRE-NOS-1536x538.jpg 1536w" sizes="auto, (max-width: 2000px) 100vw, 2000px" /></figure><h1 class="has-text-align-center wp-block-post-title">Sobre a Kohde</h1><p class="has-text-align-center">Após vários anos de experiência no ramo da decoração, em Março de 2014, Andreia Miranda e Marlene Maia decidiram unir esforços para criar uma empresa que primasse pelo profissionalismo, rigor, qualidade e busca das melhores soluções para os clientes. <br>Ambas, licenciadas em Design de Interiores pela ESAD, desenvolveram um espaço próprio onde juntam as especialidades de criação de projeto, a sua execução e toda a logística até à sua entrega.  A dedicação incondicional e empatia com os clientes têm levado à criação de relações duradouras e fidelizadas.  A empresa tem crescido e contam, nos últimos anos, com duas adições à equipa e que trouxeram mais valias essenciais para projectos mais complexos. No final de 2014, pretendendo preencher uma lacuna de oferta de peças de decoração diferenciadas mas com preços acessíveis, iniciam a construção do nosso catálogo de objetos, visando complementar e individualizar casa casa. Em 2021, lançam um novo site que já contempla a loja online com acesso ao público em geral.  Esta é uma das áreas do projeto de trabalho que tem crescido e tem deixado a melhor impressão em todos os que procuram a Kohde. <br>Nenhum detalhe é descurado e têm sido incansáveis na satisfação dos clientes que são quem lhes permite evoluir e melhorar a cada dia. </p>
